= -r**2 + 4*r + 21. Let q be j(7). Suppose 19*m - 22*m + 165 = q. List the prime factors of m.
5, 11
What are the prime factors of (1414/35)/(3/120)?
2, 101
What are the prime factors of ((-66)/88)/(2/(-7736))?
3, 967
Let m = 102 + 104. Suppose -3*b = -m - 157. List the prime factors of b.
11
Let y(w) = 107*w - 129. List the prime factors of y(2).
5, 17
Suppose 3*m - 6 = -c, 2*m = 6*m - c - 15. Suppose m*x - j + 4*j = 24, 5*j + 44 = 2*x. List the prime factors of x.
2, 3
Let u(g) = -g - 3. Let w be u(-6). Suppose -w*o = -o + 6. List the prime factors of -4 + (-38)/o*3.
2, 17
Suppose 150*s = 144*s + 1104. What are the prime factors of s?
2, 23
Let m be 9*4/(-30)*800/6. List the prime factors of ((-12)/54 - 52/90)*m.
2
Suppose -2*o - 1 = -9. Let t = -36 + o. Let n = t - -47. What are the prime factors of n?
3, 5
Let w = 1376 + 3720. What are the prime factors of w?
2, 7, 13
What are the prime factors of (23/(-69))/((-3)/58950*2)?
5, 131
Let v = 109 + -11. Let a = -38 + v. What are the prime factors of a?
2, 3, 5
Let p(r) = 47*r**2 + 17*r - 110. What are the prime factors of p(5)?
2, 5, 23
Let x be 2/9 - (-366)/54. Let y = x - -3. Suppose -y*c - 69 = -13*c. List the prime factors of c.
23
Suppose 219 = 3*j - 2*s, j - 8 - 65 = s. Let a = j + 98. List the prime factors of a.
3, 19
Suppose -s - 4*m + 2*m - 13 = 0, -3*m = s + 17. Let a(f) be the second derivative of -f**4/12 - 4*f**3/3 - 5*f**2/2 - 7*f. List the prime factors of a(s).
2, 5
What are the prime factors of (140/100)/((-2)/(-2290))?
7, 229
Let j = -13 - -7. Suppose -u = -4*n - 13, -12 - 3 = -3*u. What are the prime factors of n/j*-1*-30?
2, 5
Let k = 35 + -33. Suppose 4*c + 4*y - 188 = 0, -k*c + 3*c - 4*y - 22 = 0. List the prime factors of c.
2, 3, 7
Let k = -41 - -183. Let x = k - -24. What are the prime factors of x?
2, 83
Let w(z) = 5*z**2 + 19*z - 7. List the prime factors of w(16).
19, 83
Let q = 294 + -77. What are the prime factors of 2 - -1 - (0 - q)?
2, 5, 11
Suppose 0 = 2*x - 10, 0*d + 6 = 2*d + 4*x. What are the prime factors of (381/(-7) - 1)*d/2?
2, 97
Let k(s) = 7*s**2 + 25*s + 25. List the prime factors of k(-13).
883
Let i(a) = a**3 + 42*a**2 - 104*a - 23. What are the prime factors of i(-42)?
5, 11, 79
Let r(n) = -11*n - 17. Let b(p) = 5*p + 8. Let f(x) = -5*b(x) - 2*r(x). Let o be f(-10). Let l = -15 + o. List the prime factors of l.
3
Suppose -b + 617 = -5*s, -2593 = -0*b - 4*b - 5*s. List the prime factors of b.
2, 3, 107
Let u(v) = 2*v**3 + v**2 + v - 1. Let j be u(1). Suppose -j*d - 70 = 2*y, 3*y + 118 = -3*d + 5*d. Let x = -15 - y. What are the prime factors of x?
23
Let y(h) = -1. Let g(n) = -12*n - 3. Let j(m) = g(m) - 4*y(m). Let v be j(1). Let k = v + 38. List the prime factors of k.
3
Suppose -5*p + q + 3140 = 0, -2*p + 3*q - 5*q = -1268. List the prime factors of p.
17, 37
Suppose 5*k - 4*s - 2258 = 4320, -k - 5*s = -1304. Suppose 10*n - k = 1516. List the prime factors of n.
283
Let x(f) = -f**2 - 2*f. Let n be x(0). Suppose 5*y - 25 = 0, n*y = -4*k + 2*y + 202. List the prime factors of k.
53
Suppose 115*d = 118*d - 627. What are the prime factors of d?
11, 19
Suppose 5*v + 1 + 0 = 4*y, -4*y + v + 13 = 0. Suppose -68 = -3*l - 2*q + 54, y*q = -20. What are the prime factors of l?
2, 11
Let l(b) = 22*b - 37. Let z(f) = -66*f + 112. Let x(w) = -14*l(w) - 5*z(w). What are the prime factors of x(9)?
2, 3, 13
Let c(s) = -s**2 - 11*s + 1. Suppose 4*f + 44 = 4. What are the prime factors of c(f)?
11
Let g = 1119 - -348. What are the prime factors of g?
3, 163
Let j = 788 - -314. List the prime factors of j.
2, 19, 29
Let n be 9 + -3 - (8 - 4). Suppose -u - d = -2*u + 30, -4*u = -n*d - 110. What are the prime factors of u?
5
Let n = -101 + 189. What are the prime factors of (n/(-3))/((-100)/(-15) + -7)?
2, 11
Let x(a) = -115*a - 297. What are the prime factors of x(-13)?
2, 599
Let z(c) = -126*c + 857. List the prime factors of z(-14).
2621
Let f(m) = 2*m - 3. Let v = 13 - 9. Let j be f(v). Suppose -j*q + 40 = -0. List the prime factors of q.
2
Let d(k) = -k**3 - 4*k**2 - 2*k + 4. Let n be d(-3). What are the prime factors of 4 - (n + 1 - 0)?
2
Suppose 1 - 26 = -5*i. Let b(r) = -2*r**2 - 2*r**3 + 7*r**3 - i*r - 2 - 4*r**3. What are the prime factors of b(4)?
2, 5
Let u = -372 + 653. Suppose -4*k + u = -235. Suppose -w + 16 + k = 4*h, h - 50 = -3*w. List the prime factors of h.
5, 7
Let v(a) = -4*a**3 - 10*a**2 + 10*a + 5. What are the prime factors of v(-8)?
31, 43
Suppose 0*d + 276 = -4*d. Suppose 5*m = -3*z + 557, 3*m + 0*m = -2*z + 334. Let g = m + d. What are the prime factors of g?
43
Let r = 216 + -162. What are the prime factors of r?
2, 3
Suppose x = 16*x - 19860. What are the prime factors of x?
2, 331
Let a be ((-3012)/30)/(12/15 + -1). Suppose 794 = 8*f - a. What are the prime factors of f?
2, 3
Let j(v) = -22*v - 35. Let z be j(-5). Suppose 155 = -z*w + 76*w. List the prime factors of w.
5, 31
Let w(k) = 11*k - 13. Let g be w(4). Suppose a - 12 = -3*h + g, 0 = -h - 4*a - 4. What are the prime factors of h?
2
Suppose 4*b = 1700 + 2008. Suppose -b = -7*r + 312. What are the prime factors of r?
3, 59
Let b = 17 + -22. Let k = -1 - b. List the prime factors of (-133)/(-14) + (-2)/k.
3
List the prime factors of 25/10*(4863/15 - 3).
11, 73
Suppose t + 4*p = -p - 7, -2*t = 2*p - 2. What are the prime factors of t?
3
Let y(s) be the first derivative of s**2/2 + 9*s + 3. Let i be y(-5). What are the prime factors of 242/8 + (-1)/i?
2, 3, 5
Let q(n) = 11*n**2 + 4*n + 5. Suppose 11*p - 46 + 2 = 0. What are the prime factors of q(p)?
197
Suppose 12*z - 6*z = 1434. What are the prime factors of z?
239
Let l = 866 + -142. Suppose -2*a - 2*a = -l. Let g = a - 120. What are the prime factors of g?
61
Let p(b) = -9*b + 1. Let a be p(2). Let d = -20 - a. List the prime factors of 4*(4 + 2 + d).
2, 3
Let h(c) = -2*c**3 - 6*c**2 - 3*c - 3. Suppose -5*y - z - 30 = z, y = 2*z + 6. What are the prime factors of h(y)?
41
Suppose 5*s = -311 - 39. Let l = -25 - s. What are the prime factors of l + (0 - 1) + 1?
3, 5
Let a = -537 - -763. Suppose -5*p = 3*v - 711, 0 = 2*p - 3*v - a - 71. What are the prime factors of p?
2, 3
Let s(n) = 9*n**2 - 2*n. Suppose y - 23 = -5*a, -5*y - 30 = a - 5*a. What are the prime factors of s(y)?
2, 5
Suppose -7*h = 4*o - 12*h - 3704, -5*h = 3*o - 2813. List the prime factors of o.
7, 19
Let a(c) = -c**3 - 11*c**2 - 8*c + 12. Let j(r) = r - 1. Let t(n) = -a(n) - 2*j(n). List the prime factors of t(-9).
2, 7
Let y(x) = -3*x**3 - x**2 - 2*x + 7. Let a(h) = h**2 + h - 1. Let g(v) = 3*a(v) + y(v). Let m be g(-3). Let p = m + -53. List the prime factors of p.
47
Let m be (-2)/(-12)*(-27)/18*-4. What are the prime factors of 70 + (-2 + 0/4)*m?
2, 17
Suppose 9701 = 5*g + 3*v, 0 = g + 3*v - 1838 - 95. List the prime factors of g.
2, 971
Suppose -5*n + w = 2*w - 16, 2*n = 3*w + 3. Suppose n*g - 176 = -g + 4*a, -3*a + 113 = 2*g. List the prime factors of g.
7
Suppose 12 = f + 2*n - 0, -2*n = 5*f - 36. Suppose 4*o - 14 = f. What are the prime factors of (18/o)/(8/20)?
3
Let i be (7/(-14))/((-1)/912). Suppose 3*j = 12 - i. Let t = -90 - j. List the prime factors of t.
2, 29
Suppose 9*n + 0*n - 45 = 0. Suppose -58 = -0*a - a + 5*v, 0 = -a - n*v + 48. List the prime factors of a.
53
Let z(w) = w**3 - w. Let g(l) = -7*l**3 + 2*l**2 - 4*l - 6. Let a(u) = -g(u) - 2*z(u). What are the prime factors of a(3)?
3, 47
Let i(t) be the first derivative of -21*t**2/2 - 5*t + 6. List the prime factors of i(-10).
5, 41
Suppose 0 = 5*d + m - 9803, -3*d = -4*m - m - 5865. What are the prime factors of d?
2, 5, 7
Suppose -7*h + 4*h = 864. Let r = h - -446. What are the prime factors of r?
2, 79
Let z(r) = 4*r - 60. Let v(y) = -y + 20. Let f(b) = 7*v(b) + 2*z(b). Let u = -26 + 41. List the prime factors of f(u).
5, 7
Let u(c) = -6*c + 223. What are the prime factors of u(-60)?
11, 53
Let n be -1*4*2/8. Let f be (n - (-2 - -2))*-7. What are the prime factors of 194/f - 10/(-35)?
2, 7
Let b(j) = 61*j**2 + 8*j + 119. List the prime factors of b(-6).
2267
Let k = 171 + -159. List the prime factors of k.
2, 3
Suppose -233 = -m - 51. Let n = m - 118. What are the prime factors of n?
2
Let r = -14 + 30. Let c(t) = 3*t + 2. Let l be c(0). Suppose l*v + r = 4*v. What are the prime facto